 a factor of 77840343?
False
Does 33 divide 16037967?
True
Does 1883 divide 211503631?
False
Does 99 divide 187691328?
True
Does 507 divide 15339383?
False
Is 655238576 a multiple of 212?
True
Is 28228698 a multiple of 126?
False
Does 92 divide 3070108724?
True
Does 7 divide 20484637?
False
Does 67 divide 831555331?
False
Does 77 divide 7725079?
False
Is 88349859 a multiple of 39?
True
Is 5364607 a multiple of 17?
False
Is 100 a factor of 76502094?
False
Does 487 divide 345012715?
True
Is 262 a factor of 178366?
False
Is 12 a factor of 49930188?
True
Is 23722184 a multiple of 38?
True
Does 144 divide 442123777?
False
Is 16479166 a multiple of 682?
True
Does 136 divide 137612960?
True
Does 165 divide 2480226945?
False
Is 13762494 a multiple of 9?
True
Is 161 a factor of 54798282?
True
Is 13812708 a multiple of 78?
True
Is 125208819 a multiple of 10?
False
Does 4 divide 26157096?
True
Is 6 a factor of 45623643?
False
Is 1008 a factor of 17785152?
True
Does 2482 divide 305774954?
True
Does 11 divide 15597683?
False
Is 13 a factor of 2707525802?
False
Does 583 divide 362191082?
True
Is 108 a factor of 55142100?
True
Is 50195 a multiple of 48?
False
Is 9 a factor of 2126721766?
False
Does 489 divide 1914586?
False
Is 1169 a factor of 62073830?
False
Does 998 divide 46228431?
False
Is 2 a factor of 11095144?
True
Does 1754 divide 84648040?
True
Is 12 a factor of 33383180?
False
Is 41 a factor of 7178040724?
True
Is 9334 a factor of 5010022182?
False
Is 956 a factor of 127964424?
True
Is 521388007 a multiple of 154?
False
Is 280053991 a multiple of 7?
True
Is 252 a factor of 2869870?
False
Is 12423215 a multiple of 49?
True
Is 21 a factor of 95852424?
False
Is 1254 a factor of 77809301?
False
Does 867 divide 1055747825?
False
Is 57 a factor of 41266688?
False
Does 7 divide 304464095?
False
Is 3162 a factor of 193298243?
False
Is 20 a factor of 1407483520?
True
Does 130 divide 147831155?
False
Is 33236281 a multiple of 491?
True
Is 151 a factor of 4152047?
True
Is 30075822 a multiple of 34?
True
Is 413026320 a multiple of 2150?
False
Does 348 divide 456667843?
False
Is 53 a factor of 434360?
False
Is 212152 a multiple of 1153?
True
Is 75056718 a multiple of 362?
True
Is 2019062493 a multiple of 1362?
False
Is 23 a factor of 94189448?
False
Is 2 a factor of 91233931?
False
Is 2137 a factor of 1809890622?
False
Is 464562108 a multiple of 6076?
False
Is 1203 a factor of 567177926?
False
Does 12 divide 33826771?
False
Is 24 a factor of 52874856?
True
Is 315915317 a multiple of 1277?
False
Is 581 a factor of 7515628918?
True
Is 95 a factor of 100342800?
True
Does 1990 divide 32849666?
False
Is 7865744 a multiple of 3?
False
Is 20 a factor of 162351520?
True
Is 625 a factor of 608760602?
False
Is 2074 a factor of 66162864?
False
Is 20728451 a multiple of 989?
True
Is 40428246 a multiple of 8?
False
Is 19 a factor of 39783112?
True
Is 1743718 a multiple of 13?
False
Is 199 a factor of 101684005?
False
Is 205 a factor of 38966334?
False
Is 1506169461 a multiple of 8424?
False
Is 55775739 a multiple of 583?
False
Does 10 divide 52854632?
False
Does 663 divide 23952864?
True
Does 667 divide 238102322?
False
Does 40 divide 302899708?
False
Is 547 a factor of 1032222043?
False
Is 13160000 a multiple of 141?
False
Is 326973812 a multiple of 209?
True
Is 6 a factor of 149173843?
False
Does 1530 divide 198485464?
False
Does 1695 divide 768765555?
True
Is 3 a factor of 173316246?
True
Does 12 divide 18187788?
True
Does 56 divide 3975752019?
False
Is 697576 a multiple of 11?
True
Is 19 a factor of 4810010968?
True
Is 1066 a factor of 525077488?
True
Is 7 a factor of 107061923?
False
Is 27 a factor of 399282902?
False
Is 53846826 a multiple of 1034?
False
Is 31 a factor of 219318273?
True
Is 366 a factor of 16081674?
True
Does 12 divide 159415509?
False
Is 54419758 a multiple of 15?
False
Is 1471084462 a multiple of 437?
True
Does 296 divide 56525882?
False
Is 1865 a factor of 22644830?
True
Does 158 divide 22642664?
True
Is 3594564297 a multiple of 9?
True
Does 3681 divide 214366716?
True
Is 433 a factor of 15992270?
False
Does 107 divide 1687587461?
False
Is 134 a factor of 248604692?
False
Does 136 divide 8970968?
True
Is 36 a factor of 864119103?
False
Is 773 a factor of 304566132?
False
Is 3767372 a multiple of 738?
False
Is 35628774 a multiple of 4?
False
Is 321 a factor of 41561106?
False
Does 37 divide 319378790?
False
Is 27312421 a multiple of 108?
False
Does 288 divide 510494688?
True
Does 842 divide 98588495?
False
Is 983481916 a multiple of 257?
False
Is 7965179 a multiple of 4?
False
Does 51 divide 168102426?
True
Is 4133 a factor of 152482902?
True
Is 831194067 a multiple of 17?
False
Is 247 a factor of 18581528?
False
Is 37828168 a multiple of 35?
False
Does 141 divide 4636149?
False
Is 2910 a factor of 121000710?
True
Is 836 a factor of 136867921?
False
Is 1553264 a multiple of 40?
False
Does 4 divide 9493170?
False
Does 22 divide 2936793553?
False
Does 171 divide 80153343?
True
Does 28 divide 179320904?
True
Does 8274 divide 354375420?
True
Is 144598705 a multiple of 480?
False
Is 364407151 a multiple of 24?
False
Does 10 divide 135192940?
True
Is 84 a factor of 87202668?
True
Does 17 divide 151070565?
False
Is 388 a factor of 25464643?
False
Is 118003470 a multiple of 3581?
False
Does 22 divide 88749962?
False
Is 111207364 a multiple of 4?
True
Does 55 divide 163279600?
True
Is 590095033 a multiple of 1366?
False
Is 4 a factor of 81535588?
True
Is 313 a factor of 111548818?
True
Is 28 a factor of 321369?
False
Does 602 divide 427722806?
True
Does 25 divide 6483242?
False
Is 2760906200 a multiple of 23?
True
Does 6885 divide 290636505?
True
Is 373 a factor of 466741774?
False
Is 98184800 a multiple of 1576?
True
Does 120 divide 25264527?
False
Is 4066694169 a multiple of 129?
True
Is 37178820 a multiple of 7?
True
Is 13 a factor of 503526409?
False
Is 10 a factor of 296126280?
True
Is 1429416029 a multiple of 47?
True
Does 639 divide 367565580?
True
Is 43282062 a multiple of 2?
True
Is 44 a factor of 195881928?
True
Is 398875628 a multiple of 16?
False
Is 1137122496 a multiple of 864?
True
Does 7 divide 24254304?
False
Is 3 a factor of 72434096?
False
Does 20 divide 26485368?
False
Is 1434 a factor of 27921414?
True
Is 29177372 a multiple of 75?
False
Does 75 divide 533471209?
False
Is 7 a factor of 10281967?
False
Is 1266292872 a multiple of 1326?
True
Is 156 a factor of 885707416?
False
Is 19 a factor of 15789437?
True
Does 6 divide 675139151?
False
Is 2 a factor of 7578390?
True
Is 118784289 a multiple of 13?
True
Is 3887 a factor of 1476511669?
False
Is 98 a factor of 76316052?
False
Is 33 a factor of 13406910?
True
Is 73 a factor of 39115444?
True
Is 1550 a factor of 2668362200?
True
Is 34358458 a multiple of 862?
True
Is 23604743 a multiple of 28?
False
Does 7915 divide 1550991740?
True
Is 97006496 a multiple of 94?
True
Does 263 divide 11260659?
False
Is 347373369 a multiple of 21?
True
Is 61445345 a multiple of 1885?
True
Is 4 a factor of 66597138?
False
Does 78 divide 2265158613?
False
Is 124029150 a multiple of 15?
True
Is 3452 a factor of 824240957?
False
Is 821534806 a multiple of 1586?
False
Is 84217072 a multiple of 17?
False
Is 143673728 a multiple of 2075?
False
Is 1986 a factor of 198638600?
False
Is 8 a factor of 7945920?
True
Is 234575940 a multiple of 83?
False
Does 6 divide 312515388?
True
Does 2615 divide 28008437?
False
Does 225 divide 73224900?
True
Is 5 a factor of 12814378?
False
Is 76 a factor of 2328004032?
True
Does 190 divide 158336690?
True
Does 393 divide 169433697?
True
Is 111 a factor of 12880362?
False
Is 98 a factor of 136172960?
True
Is 396507512 a multiple of 4?
True
Is 5138880 a multiple of 80?
True
Does 1323 divide 1072687275?
False
Does 42 divide 2678298?
True
Does 8 divide 44249745?
False
Is 35 a factor of 752493402?
False
Does 146 divide 19917466?
True
Is 26 a factor of 151264878?
False
Is 927 a factor of 119202930?
True
Is 155 a factor of 173191808?
False
Is 119592253 a multiple of 231?
False
Is 46 a factor of 458205632?
True
Is 19 a factor of 32658953?
False
Is 907420 a multiple of 2886?
False
Does 2 divide 15841638?
True
Is 41548544 a multiple of 1167?
False
Is 985 a factor of 4920691?
False
Is 3235244